t 105022 (base 6) to base 3.
110011112
1001011010 (base 2) to base 3
211022
13202233 (base 4) to base 14
b38b
Convert -67c0 (base 15) to base 11.
-15595
Convert -fdb (base 16) to base 9.
-5510
What is 7303 (base 8) in base 10?
3779
What is 5597 (base 15) in base 4?
10123132
What is 936 (base 11) in base 8?
2150
What is -175 (base 8) in base 16?
-7d
55 (base 8) to base 9
50
Convert -14288 (base 11) to base 8.
-47517
What is 15311 (base 7) in base 3?
12212012
Convert 495 (base 13) to base 7.
2220
2a1 (base 14) to base 7
1361
102011 (base 3) to base 12
211
What is -313342 (base 5) in base 3?
-112100212
-1378 (base 12) to base 10
-2252
Convert -28514 (base 9) to base 3.
-222120111
What is 12001100 (base 4) in base 13?
b2b8
1100100 (base 4) to base 11
394a
What is -101233 (base 4) in base 13?
-694
What is -400020 (base 5) in base 11?
-9443
What is 1515322 (base 6) in base 2?
10101011111100010
b8a (base 15) to base 10
2605
What is -149b (base 14) in base 15?
-1145
What is 1011010001111 (base 2) in base 12?
3413
What is 3040 (base 5) in base 16?
18b
50c1 (base 14) to base 8
33101
What is 2301 (base 5) in base 7?
644
Convert 10112 (base 3) to base 6.
235
Convert 7618 (base 11) to base 16.
274e
What is 1140241 (base 5) in base 10?
21321
1b32 (base 16) to base 14
2774
24032 (base 8) to base 10
10266
Convert -202112 (base 3) to base 16.
-22a
-2121201201 (base 3) to base 16
-c96a
What is -a0 (base 11) in base 16?
-6e
Convert 938 (base 10) to base 4.
32222
What is 342 (base 14) in base 8?
1206
What is 1220120 (base 3) in base 13?
831
239 (base 13) to base 6
1442
What is 10b8 (base 13) in base 4?
210230
What is -112120110 (base 3) in base 11?
-7a88
Convert 2312 (base 5) to base 12.
238
What is 1b2a (base 14) in base 16?
134a
What is 332233 (base 4) in base 7?
14464
-1898 (base 10) to base 8
-3552
cda (base 16) to base 2
110011011010
Convert -11147 (base 12) to base 14.
-838b
120121 (base 3) to base 15
1d1
Convert 463 (base 16) to base 10.
1123
Convert -1101513 (base 6) to base 16.
-d635
122231 (base 5) to base 3
20102202
Convert 8048 (base 9) to base 8.
13364
1ede (base 15) to base 7
25430
Convert 100220022 (base 3) to base 10.
7217
What is 1112 (base 11) in base 15?
67a
144140 (base 5) to base 10
6170
Convert 12532 (base 8) to base 12.
31b6
Convert 1000010111 (base 2) to base 16.
217
Convert 2202122 (base 4) to base 7.
42206
What is -1372 (base 8) in base 14?
-3c6
Convert -2120111112 (base 3) to base 8.
-142752
857 (base 13) to base 15
64e
What is -1025 (base 8) in base 6?
-2245
-464 (base 10) to base 5
-3324
Convert -414 (base 12) to base 16.
-250
526 (base 14) to base 7
2646
Convert 12112220 (base 3) to base 5.
112142
What is -190 (base 11) in base 3?
-22011
4338 (base 10) to base 12
2616
Convert -1011001 (base 2) to base 16.
-59
What is 1001000001 (base 2) in base 3?
210101
Convert -2185 (base 13) to base 4.
-1021000
-2035 (base 8) to base 2
-10000011101
423 (base 8) to base 5
2100
What is 50776 (base 8) in base 2?
101000111111110
Convert 762 (base 10) to base 7.
2136
Convert -118 (base 11) to base 12.
-b8
What is -43101 (base 5) in base 9?
-3873
What is -23 (base 15) in base 4?
-201
What is -31 (base 11) in base 4?
-202
Convert -c6 (base 15) to base 16.
-ba
2301004 (base 5) to base 13
1571c
What is -3060 (base 9) in base 8?
-4301
1101101111 (base 2) to base 15
3d9
-161a (base 13) to base 8
-6242
-1101000 (base 2) to base 14
-76
What is 20212 (base 3) in base 4?
2321
Convert 11a2 (base 15) to base 9.
5128
What is 10032 (base 5) in base 3?
212210
What is -1203313 (base 4) in base 9?
-8681
-11000101 (base 3) to base 6
-21314
38724 (base 11) to base 6
1104404
Convert a27 (base 13) to base 14.
8b1
What is 214334 (base 5) in base 14?
2a17
-3460 (base 8) to base 11
-1423
What is -329 (base 13) in base 7?
-1403
Convert -970 (base 16) to base 4.
-211300
What is -21211 (base 3) in base 15?
-e1
21033 (base 9) to base 6
144133
What is -14ba (base 12) in base 14?
-c6a
Convert -2559 (base 15) to base 16.
-1f17
What is 59c3 (base 13) in base 3?
122101002
What is -a70 (base 11) in base 9?
-1680
Convert -3763 (base 9) to base 12.
-1763
Convert -577 (base 10) to base 3.
-210101
Convert 37275 (base 8) to base 4.
3322331
-5141 (base 7) to base 16
-701
Convert bad (base 15) to base 14.
d66
What is 1212201111 (base 3) in base 2?
1001000001110000
Convert 10122 (base 5) to base 4.
22112
-100002 (base 4) to base 16
-402
What is 18203 (base 9) in base 8?
30416
Convert -1434422 (base 5) to base 14.
-b228
-11021 (base 6) to base 16
-5f5
Convert 201210111 (base 3) to base 13.
6751
-2331231 (base 4) to base 6
-132113
What is -1819 (base 14) in base 5?
-114320
What is -131 (base 9) in base 5?
-414
Convert -101000011100 (base 2) to base 7.
-10355
Convert 22040 (base 5) to base 4.
113300
What is -487 (base 11) in base 13?
-357
-837 (base 15) to base 10
-1852
Convert 56613 (base 7) to base 10.
14367
What is -11202110 (base 3) in base 6?
-24020
What is -2226 (base 9) in base 3?
-2020220
Convert 5abc (base 13) to base 10.
12830
Convert 2695 (base 13) to base 10.
5530
What is 2018 (base 14) in base 5?
134020
What is b85 (base 13) in base 3?
2200220
1001100001 (base 2) to base 9
746
200201 (base 4) to base 16
821
What is -37b7 (base 15) in base 7?
-46420
What is 5844 (base 10) in base 14?
21b6
What is -4224 (base 12) in base 9?
-10821
Convert -1010111000 (base 2) to base 12.
-4a0
Convert -10000101110111100 (base 2) to base 5.
-4143130
-33015 (base 9) to base 14
-7d92
-2992 (base 12) to base 11
-3720
Convert -231357 (base 8) to base 11.
-54042
1305 (base 10) to base 4
110121
4110 (base 5) to base 4
20102
Convert -1525 (base 7) to base 12.
-427
What is -2310 (base 10) in base 8?
-4406
Convert -210 (base 5) to base 16.
-37
What is c3 (base 15) in base 11?
157
70 (base 9) to base 7
120
Convert 121b (base 12) to base 13.
c0b
231631 (base 7) to base 12
20004
Convert 40443 (base 8) to base 3.
211212121
-4958 (base 10) to base 6
-34542
-6670 (base 8) to base 12
-2048
Convert -101202201 (base 3) to base 16.
-1ea9
Convert 282 (base 14) to base 10.
506
What is 2450 (base 8) in base 7?
3564
111202101 (base 3) to base 5
310102
100001221 (base 3) to base 13
3019
What is 3c2 (base 15) in base 5?
11412
What is 331333 (base 4) in base 14?
1635
Convert 10103 (base 5) to base 8.
1215
What is -23 (base 10) in base 13?
-1a
Convert 120 (base 13) to base 5.
1240
What is 14c (base 13) in base 11?
1a2
Convert 211000000 (base 3) to base 13.
73b9
1567 (base 14) to base 15
11e5
1b4 (base 15) to base 9
477
What is -11100100 (base 2) in base 4?
-3210
What is 2220210 (base 3) in base 13?
c78
Convert 70 (base 15) to base 5.
410
What is -2c04 (base 13) in base 6?
-45430
Convert 233123 (base 4) to base 12.
190b
42 (base 7) to base 3
1010
-2b79 (base 13) to base 3
-22201022
-5c4 (base 15) to base 7
-3550
What is -10122210002 (base 3) in base 12?
-3580b
4344 (base 7) to base 3
2010110
3043 (base 5) to base 8
616
101110011010010 (base 2) to base 3
1012121002
What is -1f08 (base 16) in base 13?
-3801
Convert -858 (base 11) to base 5.
-13111
Convert -3310 (base 5) to base 9.
-555
78 (base 10) to base 9
86
What is -102100200 (base 3) in base 4?
-2001120
Convert -132 (base 5) to base 16.
-2a
Convert 632 (base 11) to base 10.
761
Convert -8d45 (base 14) to base 10.
-24561
-14410 (base 5) to base 13
-738
-101130 (base 4) to base 5
-13431
Convert -372 (base 11) to base 13.
-280
What is -174 (base 11) in base 12?
-14a
What is -1247 (base 9) in base 14?
-4aa
What is -342443 (base 6) in base 7?
-150612
What is -10010111 (base 2) in base 10?
-151
What is 2410 (base 5) in base 3?
111011
112000000 (base 3) to base 5
311311
Convert 43634 (base 8) to base 6.
220512
Convert -6945 (base 12) to base 16.
-2dc5
2232002 (base 4) to base 12
6542
-130 (base 15) to base 5
-2040
What is -10564 (base 11) in base 8?
-35724
5476 (base 8) to base 16
b3e
-26 (base 15) to base 4
-210
15627 (base 8) to base 12
4107
What is -3013130 (base 4) in base 2?
-11000111011100
14533 (base 8) to base 2
1100101011011
Convert -1b63 (base 12) to base 5.
-102022
Convert -340133 (base 5) to base 16.
-2e8e
Convert 10011101101110 (base 2) to base 12.
5a12
222 (base 15) to base 11
3a9
Convert 3959 (base 10) to base 2.
111101110111
Convert 3696 (base 15) to base 7.
45603
